ctors of s?
2, 7
Let r = 7 + 17. Let b = 3 + -3. Suppose -y + r = -b*y. What are the prime factors of y?
2, 3
Suppose 5*c = 18 - 268. Let d = c + 84. What are the prime factors of d?
2, 17
Suppose 5*z - 798 = -3*g, 2*z + 1330 = 5*g - 3*z. What are the prime factors of g?
2, 7, 19
Suppose 4*a = a + 492. List the prime factors of 3/(12/a) + 3.
2, 11
Let n = -340 + 813. List the prime factors of n.
11, 43
Suppose 7*h - 6*h + 4*u = 536, 2 = -2*u. What are the prime factors of h?
2, 3, 5
Let w(j) = -3*j**3 + 4*j**2 + 4*j - 8. List the prime factors of w(-3).
97
Let w = 5 + 3. Let r(p) = -3 - 5 + w*p**2 + 7 - p - p. What are the prime factors of r(-2)?
5, 7
Let a = -21 - -8. Suppose 130 = 2*t + 3*t. Let g = a + t. List the prime factors of g.
13
Let q(k) = k**3 + 12*k**2 - 52*k - 7. List the prime factors of q(-13).
2, 5
Suppose 2760 = 140*z - 132*z. What are the prime factors of z?
3, 5, 23
Suppose -5*i = -2*j + 3*j - 780, i + 5*j - 156 = 0. Suppose 2*g - i = 4*s, -5*s - 46 - 35 = -g. What are the prime factors of g?
2, 19
Let x = -20 - -42. Let j = -216 + 220. Suppose j*k - x = -r, -5*r + k + 42 = 4*k. What are the prime factors of r?
2, 3
Let c(g) = g - 5. Let d(j) = j - 6. Let o(b) = -3*c(b) + 2*d(b). Let x be o(0). What are the prime factors of x/9 - 95/(-3)?
2
Let p = -1822 - -2795. List the prime factors of p.
7, 139
Let j = 1058 + -620. List the prime factors of j.
2, 3, 73
Let i = -7 + 8. Let t(g) = -11 - i - 9*g - 6. What are the prime factors of t(-8)?
2, 3
Let k be 64/11 + 4*6/132. Suppose 3*f - 113 = -i, -f + 4 = k. List the prime factors of i.
7, 17
Let u(x) = -x**2 - 85*x - 393. List the prime factors of u(-5).
7
Let k be 512/(-80) + (-4)/(-10). Let r(y) = -6*y**2 - 3*y + 3 - 4 - 3*y - y**3. List the prime factors of r(k).
5, 7
Let t = 608 + -396. Let r = t - 38. What are the prime factors of r?
2, 3, 29
What are the prime factors of (25779/26)/(9/12)?
2, 661
Suppose 4*v - 3618 = -s, -186 + 1990 = 2*v + 3*s. What are the prime factors of v?
5, 181
Let b be (-3)/(6/28*-2). Let s be b/(-28) - (-490)/8. Suppose 0 = 5*o - s - 34. List the prime factors of o.
19
Suppose 5*y = 12*y - 14413. List the prime factors of y.
29, 71
Let z = 5980 + -4142. What are the prime factors of z?
2, 919
Suppose -3*y - 1876 = -5*q - 363, -3*y - 293 = -q. What are the prime factors of q?
5, 61
Let p(k) = k**3 + 3*k**2 - 2. Let r be p(-3). Let g be (r - 1) + (-1 - 15). Let l = g + 44. List the prime factors of l.
5
Suppose 1219 = 4*k - b, 4*k - 1307 = -2*b - 97. List the prime factors of k.
2, 19
Let k(w) = w + 1. Let p be k(-3). Let y(s) = 14*s**2 + 2*s + 1. What are the prime factors of y(p)?
53
Let k = -8 + 2. List the prime factors of (-3 - -4)/((-2)/k).
3
Let x be 895 - ((-25)/(-6) + 2/(-12)). Suppose -6*s = -x - 597. What are the prime factors of s?
2, 31
Let h(v) = -3*v**2 - 5*v - 9. Let n be h(-6). Let u = -35 - n. Suppose -2*b + 33 = -r, 2 = -3*b + 2*r + u. List the prime factors of b.
2
Let c = 206 - 133. Let f = c + 153. List the prime factors of f.
2, 113
Let n be 10*((-36)/(-8) + 0). Let h = n - 30. What are the prime factors of h?
3, 5
Suppose -2*j + 5*b + 5960 = 3*j, 0 = 5*j + 5*b - 5970. List the prime factors of j.
1193
Suppose 1 = 4*y - 159. Suppose 0 = 3*o - 371 - y. What are the prime factors of o?
137
Let u = 4 + 3. Let n = u + 16. List the prime factors of n.
23
Let z = -4460 + 6505. List the prime factors of z.
5, 409
Suppose -2*j - 2*n + 0*n + 2390 = 0, j = -2*n + 1198. What are the prime factors of j?
2, 149
Suppose 5*p = -m - 2*m - 26, 4*m - 2*p + 26 = 0. Let o(g) = 12*g - 12*g - 7*g - 4. What are the prime factors of o(m)?
3, 5
Let a = 233 + 48. List the prime factors of a.
281
List the prime factors of 91/1 + 6 + -2.
5, 19
Suppose 11*b - 64 = 7*b. Suppose 0*y - b = -4*y. What are the prime factors of (2 - 12)/((-2)/y)?
2, 5
Suppose 62 = -2*l + 1016. Suppose -13*s = -l - 667. List the prime factors of s.
2, 11
Suppose 2227 = 4*a + x - 528, -2*a + 4*x = -1364. Let d = a - 408. Suppose i - d = -4*i. List the prime factors of i.
2, 7
Suppose 3*y + 2*v = 12439, 15*v - 11*v = -16. What are the prime factors of y?
3, 461
Let i(l) = -l - 5. Let h be i(-3). Let b be 22 + 0*h/6. Suppose -18 - b = -4*q + 5*v, -5*q - 3*v = -50. List the prime factors of q.
2, 5
List the prime factors of (-29 + (6 - -8))*(-554)/3.
2, 5, 277
Let n(x) = x**3 + x**2 + 2. Let j be n(0). Suppose -z = -4*b - 18, -6*z + 3*b = -j*z - 33. Suppose -z*g = -142 - 38. List the prime factors of g.
2, 3, 5
Let r(w) = w + 3. Suppose -560 = 5*c + 2*o, 2*c = 2*o - 63 - 175. Let h be (-4)/6 + c/(-9). List the prime factors of r(h).
3, 5
Let w = 295 + 484. What are the prime factors of w?
19, 41
Let s(t) = 23*t + 145. List the prime factors of s(13).
2, 3, 37
Let n(i) = -14*i**3 + 2*i**2 + i - 3. List the prime factors of n(-3).
2, 3, 5, 13
Suppose -5*z + 111 = -25*n + 26*n, -4*n - 3*z + 444 = 0. List the prime factors of n.
3, 37
Let h be 3/9*-3*1. List the prime factors of 0/(h/1) - (2 + -120).
2, 59
Let m = -27 - -29. What are the prime factors of (4/12)/(m/(-24)) + 51?
47
Suppose 5*r - 156 = 2*r. Suppose 2*d - 7*c = -3*c + 162, 3*c + 6 = 0. Let o = d - r. List the prime factors of o.
5
Let v = -158 - -71. Let j = 111 + v. What are the prime factors of j?
2, 3
Suppose 446*c + 46550 = 456*c. What are the prime factors of c?
5, 7, 19
Let c be 105*1*(-4)/(-5). Suppose -2*i + c = 5*g, 4*g - 6 - 10 = 0. What are the prime factors of (i/(-12))/(3/(-18))?
2
Suppose 16*j - 13*j = 5*f + 1286, -3*f = -3*j + 1296. What are the prime factors of j?
19, 23
Suppose 37 = 2*h - 2*a - 9, 5*h - 3*a = 111. Let r = h + -17. What are the prime factors of r?
2
Suppose -75 = m - 4*m. Let f be (70/m)/(2/5). Let w = 30 - f. List the prime factors of w.
23
Suppose -8 = -5*a + 12. Suppose 2*f - 28 = -a*j, -2*f = -j - 5 - 8. Suppose 3*c = f*c - 15. What are the prime factors of c?
3
Let a(m) = -26*m + 1. Suppose q - 2*q - 4*g = -3, -2*q - 3*g - 4 = 0. Let w = q - -4. What are the prime factors of a(w)?
3
Let t(o) = 6*o**3 - 2*o**2 - 4*o + 6. Let a(q) = q**3 - 3*q**2 + 5*q - 11. Let x be a(3). What are the prime factors of t(x)?
2, 3, 19
List the prime factors of (-310)/93*2022/(-4).
5, 337
Let a(x) = 16*x + 7. Let q be a(5). Let g = 238 - q. What are the prime factors of g?
151
Let v(s) = -s**3 + 13*s**2 + 14*s - 6. Let i be v(14). Let h be (-1130)/(-14) - i/21. Let x = h - 29. What are the prime factors of x?
2, 13
Let v(s) = 4455*s**2 - 3*s + 3. Let b be v(1). List the prime factors of b/30 - 3/2.
3, 7
Let u(p) = p**3 - 14*p**2 - 18*p - 2. Let y be u(15). Let w = 132 + y. What are the prime factors of w?
5, 17
Let l = 19 - 5. Suppose -4*g - 3*q + 2 = -50, 0 = g + q - l. List the prime factors of g.
2, 5
List the prime factors of 402 + -4 + (0 - 2).
2, 3, 11
List the prime factors of (332/10)/((-112)/(-35) - 3).
2, 83
Let v(r) = r**3 - 12*r**2 + 2*r + 14. Let h be v(12). Suppose y - 11 = h. What are the prime factors of y?
7
Let o = 39 - 39. Suppose -12*v + 11*v + 74 = o. What are the prime factors of v?
2, 37
Let r = 3675 - 2160. What are the prime factors of r?
3, 5, 101
Let x be (-5 - -4)/((-3)/(-9)). Let m = x + 8. Suppose -3*r = 2*h + 2*h - 58, -m*r + 74 = h. List the prime factors of r.
2, 7
Let v = 7 - 4. Let z be 2/8 + v/(-12). Suppose z - 10 = -t. List the prime factors of t.
2, 5
Let o(q) = -q**2 + 7*q + 2. Suppose 2*u = x - 2*u + 1, -5*u = 2*x - 24. Let d be o(x). Suppose 2*r = c + 6, -3*r - 5*c - d = -c. List the prime factors of r.
2
List the prime factors of ((-5439)/(-15) - 2)*(-15)/(-3).
3, 601
Let y be 590/(-25) - 8/20. Let w = 103 + y. What are the prime factors of w?
79
Let j(a) = -a + 2. Let i(u) = -u - 1. Let b(o) = 6*i(o) - j(o). Let v(g) = g - 1. Let d be v(-6). What are the prime factors of b(d)?
3
Let j(n) = 57*n + 102. What are the prime factors of j(3)?
3, 7, 13
Suppose -4*x = 0, 0 = -5*r - x + 3*x. Suppose -4*p + a = -4, 4*p - a + 6*a - 28 = r. Suppose -3 - 6 = -z - 2*q, 3*z = -p*q + 19. List the prime factors of z.
5
Let d(o) = -7*o + 3. Let a be d(-15). List the prime factors of a*1/(-2)*-1.
2, 3
Let z(a) = -2*a**3 - 15*a**2 - 25*a - 179. List the prime factors of z(-14).
2719
Let m be 0 + 0 + (-3 - (-1 + -1)). List the prime factors of (m/3)/((-6)/(-153))*-14.
7, 17
Supp